actor of 9262565 and 4420?
65
Calculate the highest common divisor of 436882979 and 3705.
247
Calculate the greatest common divisor of 3688 and 1712.
8
What is the highest common factor of 9758276 and 12485?
2497
Calculate the highest common divisor of 186683217 and 3.
3
Calculate the highest common divisor of 516 and 37392198.
258
Calculate the highest common divisor of 162284 and 14036.
116
Calculate the highest common divisor of 27872486 and 35938.
5134
What is the highest common factor of 28672 and 12740?
28
What is the highest common divisor of 2247115621 and 3721?
3721
What is the greatest common divisor of 174464 and 596704?
928
Calculate the highest common divisor of 9686947 and 2674.
191
Calculate the greatest common divisor of 712 and 43012988.
356
What is the greatest common divisor of 1221 and 2652493?
37
Calculate the greatest common factor of 28366 and 4908982.
26
What is the greatest common divisor of 5405842 and 175708?
806
What is the highest common divisor of 16652650 and 124950?
2450
Calculate the highest common factor of 1269086 and 480662.
3458
What is the greatest common factor of 32335 and 25992265?
145
Calculate the highest common divisor of 423675399 and 4677.
4677
Calculate the greatest common divisor of 10984 and 19208.
8
Calculate the highest common factor of 143277344 and 448.
224
Calculate the greatest common divisor of 384 and 10528688.
16
What is the highest common divisor of 170134 and 2623970?
514
Calculate the greatest common divisor of 236692824 and 48.
24
What is the highest common factor of 4 and 195561?
1
Calculate the highest common divisor of 11082 and 20442.
6
Calculate the highest common divisor of 192167244 and 166.
166
What is the highest common factor of 17341136 and 1?
1
Calculate the greatest common factor of 511 and 263833607.
73
What is the greatest common factor of 2 and 23933440?
2
Calculate the greatest common divisor of 958450 and 32950.
50
What is the greatest common divisor of 602657 and 5269?
11
What is the greatest common factor of 14560 and 41103790?
910
Calculate the highest common factor of 17 and 128335091.
17
Calculate the greatest common factor of 1476797 and 7119.
791
Calculate the greatest common factor of 1145 and 156565.
5
Calculate the greatest common factor of 82917228 and 18020.
3604
Calculate the highest common divisor of 5701601 and 5377.
283
Calculate the highest common factor of 1624 and 764288504.
1624
Calculate the greatest common factor of 3820765 and 45.
5
Calculate the greatest common divisor of 68330308 and 30656.
1916
Calculate the greatest common divisor of 2882310 and 4176.
174
What is the greatest common factor of 439089 and 46350?
309
What is the greatest common divisor of 200 and 366632?
8
What is the highest common divisor of 2680469 and 47168?
737
What is the highest common factor of 3367592 and 17608?
248
Calculate the highest common divisor of 20554858 and 28550.
1142
Calculate the greatest common factor of 5715955 and 1931570.
4145
Calculate the greatest common divisor of 188303414 and 1729.
247
Calculate the greatest common factor of 2925 and 1212725.
25
What is the greatest common divisor of 20271 and 2000043?
87
What is the greatest common divisor of 93654583 and 33319?
2563
What is the highest common factor of 3828 and 13383964?
1276
Calculate the highest common factor of 5572 and 2468.
4
What is the highest common divisor of 1 and 20763767?
1
What is the greatest common divisor of 312095263 and 454?
227
Calculate the highest common divisor of 104 and 2304497.
13
What is the greatest common factor of 514 and 1030273679?
257
Calculate the greatest common divisor of 32398130 and 2190.
730
What is the highest common divisor of 227968 and 88608?
416
Calculate the highest common divisor of 3792296 and 264.
8
Calculate the highest common divisor of 1026028 and 45824.
716
What is the greatest common divisor of 3496 and 11338896?
152
What is the highest common factor of 1660350 and 1050?
150
Calculate the highest common factor of 14063 and 23667.
343
What is the highest common factor of 3085161 and 12105?
807
Calculate the highest common divisor of 20916900 and 2970.
270
Calculate the highest common divisor of 25122 and 131122.
106
Calculate the highest common divisor of 215 and 4177966.
43
What is the greatest common divisor of 13265 and 113211?
7
Calculate the highest common divisor of 19156352 and 192.
64
Calculate the highest common factor of 328949 and 55.
1
Calculate the highest common factor of 898324 and 812.
28
What is the highest common factor of 1665 and 150946865?
185
Calculate the highest common divisor of 3842292 and 16119.
597
Calculate the greatest common divisor of 192576 and 7230.
6
Calculate the highest common divisor of 808 and 2173924.
404
Calculate the highest common divisor of 148904 and 3528493.
2659
What is the greatest common divisor of 114816 and 6600?
24
What is the highest common divisor of 649230 and 793934?
646
What is the highest common factor of 352 and 89930852?
44
What is the highest common divisor of 7 and 275816954?
7
Calculate the greatest common factor of 7754420 and 7160.
20
What is the highest common divisor of 71292 and 99337176?
5484
What is the highest common divisor of 4528 and 13790024?
2264
What is the highest common factor of 123808 and 21776?
16
What is the greatest common divisor of 585 and 404453205?
585
What is the greatest common divisor of 160626 and 823422?
114
Calculate the highest common factor of 60 and 2961940.
20
What is the greatest common factor of 5863 and 77077?
143
Calculate the highest common factor of 358 and 179383597.
179
What is the highest common divisor of 4060 and 10087840?
140
Calculate the greatest common factor of 60 and 529269060.
60
What is the highest common divisor of 9026910 and 7102?
134
What is the greatest common factor of 540 and 130245000?
60
Calculate the greatest common factor of 262605 and 372771.
1281
What is the highest common divisor of 3315 and 35644050?
195
Calculate the greatest common factor of 60704 and 30842.
14
What is the greatest common factor of 7 and 2022985426?
7
Calculate the highest common factor of 425295 and 429657.
2181
What is the greatest common divisor of 189116741 and 253?
253
Calculate the greatest common factor of 12278 and 6168818.
1754
Calculate the highest common factor of 16269 and 447100221.
1479
What is the greatest common divisor of 460 and 17340620?
460
What is the greatest common factor of 122077490 and 40?
10
Calculate the greatest common divisor of 1600 and 41635200.
1600
What is the greatest common factor of 512741984 and 3968?
992
Calculate the greatest common divisor of 1199946 and 11946.
66
What is the greatest common divisor of 431986860 and 16740?
5580
Calculate the highest common divisor of 10 and 94114330.
10
Calculate the highest common divisor of 627 and 15637038.
57
What is the greatest common factor of 1167296 and 33856?
1472
What is the greatest common factor of 34506608 and 26800?
1072
What is the greatest common factor of 39280 and 56320?
80
Calculate the greatest common factor of 112 and 9663122.
14
Calculate the highest common divisor of 185682831 and 12861.
4287
Calculate the greatest common divisor of 1507 and 461527.
11
What is the highest common factor of 10392 and 926187?
1299
What is the highest common divisor of 1001025856 and 8?
8
What is the highest common factor of 1926 and 36701?
107
What is the greatest common factor of 1120 and 6210342880?
1120
Calculate the greatest common factor of 80897880 and 1497.
1497
Calculate the highest common divisor of 43687 and 142996.
7
What is the highest common divisor of 56766 and 64?
2
Calculate the highest common factor of 20660 and 26060.
20
Calculate the highest common divisor of 2673088 and 2189.
11
Calculate the greatest common divisor of 38744 and 10307240.
1336
What is the highest common factor of 614048 and 15004?
124
What is the greatest common divisor of 1196721 and 2218563?
3429
Calculate the highest common factor of 871 and 62296198.
67
What is the highest common divisor of 66838 and 1785737?
1453
Calculate the highest common factor of 25204332 and 11061.
3687
What is the greatest common divisor of 44846725 and 1925?
1925
What is the greatest common fact